+ p + 1. Let u(g) be the first derivative of g**4/4 + 7*g**3/3 + g**2 + 3. Let y(d) = -2*i(d) + 3*u(d). Give y(-4).
-2
Let u(g) = 3*g**2 + 2*g + 1. Let i be u(-2). Let b(a) = i + 7*a - 1 - 1 + a**2. Give b(-6).
1
Let p(r) = -r**3 + 7*r**2 - 7*r - 3. Let x(a) = a**2 + 4*a + 2. Let y be x(-2). Let h(u) = -2*u**3 - 4*u**2 - 2*u + 2. Let m be h(y). What is p(m)?
-9
Let j(d) = -39*d - 1 - d**3 + 40*d + d**2 + 8*d**3. Give j(1).
8
Let b(s) = -s**3 - 8*s**2 - 6*s + 9. Suppose -6 = p + 1. Let l be b(p). Let w(r) be the first derivative of 2*r**3/3 - 3*r**2/2 + 2*r - 1. Give w(l).
4
Suppose -10*d = -0*d + 20. Let i(t) = t**3 - t + 1. Determine i(d).
-5
Suppose -k = -z - 10, -10 = -4*z + 9*z. Let p(x) = x**3 - 9*x**2 + 8*x - 5. Determine p(k).
-5
Let x(l) = -l - 16. Let n be x(-12). Let u(r) = -r - 5. What is u(n)?
-1
Let n be 14/4 + 3/(-6). Let t(v) = -2*v + 2 - 5*v - 5 + n*v. Give t(-3).
9
Let z(t) be the first derivative of t**6/120 + t**2 + 1. Let r(u) be the second derivative of z(u). Give r(-1).
-1
Let c(d) be the second derivative of d**5/20 - d**4/12 + d**3/3 - d**2/2 + 3*d. Determine c(2).
7
Let c(w) = -3*w**3. Let s be c(-1). Suppose 0 = -s*o + 3 - 0. Suppose -o = x - 0. Let q(v) = -9*v - 1. What is q(x)?
8
Let o(c) = c**3 + c**2 + c + 1. Let u(b) = 10*b**3 + 5*b**2 + 6*b + 4. Let v(n) = -5*o(n) + u(n). Calculate v(1).
5
Let h(t) = -3*t**3 - 11*t**2 + 8*t + 29. Let p(b) = -b**3 - 4*b**2 + 3*b + 10. Let w(q) = -4*h(q) + 11*p(q). Calculate w(0).
-6
Suppose -4*y - 2*d + 40 = 2*d, -4*y - 3*d = -35. Let h(m) = 2*m**2 - 4*m**3 - 2*m**2 + 1 + y*m**3 - 3*m. What is h(2)?
3
Let k(p) be the first derivative of -p**4/4 + 7*p**3/3 - 3*p**2 + 1. Let h be 8/(-36) - (-20)/9. Suppose h*c - c - 6 = 0. What is k(c)?
0
Suppose 2 = -2*p + 4. Let t(z) = 2*z. Determine t(p).
2
Let k(u) = u**2 - 6*u. Let w(f) = 3*f - 10. Let l be w(-5). Let o be (-10)/l + 23/5. Give k(o).
-5
Let z(k) = -2*k + 4. Suppose -j + 3 + 2 = 0. Let m(v) = v - 2. Let a(i) = j*m(i) + 3*z(i). What is a(4)?
-2
Let b be ((-24)/10)/((-1)/5). Let o be (6/(-4))/(b/(-32)). Let u(c) = -9*c + 1 + 0 + 8*c. Determine u(o).
-3
Suppose -12*c + 9*c + 6 = 0. Let w(o) = 3*o**2 + 4*o + 2 + 6*o**3 - o**3 - c*o**3 - 2*o**3. Determine w(-3).
-10
Let w = 3 + -8. Let r(h) be the third derivative of -h**5/60 - h**4/4 + h**2. Give r(w).
5
Let i(z) = -5*z + 1. Let p(y) be the first derivative of -5*y + 1/3*y**3 + 5/2*y**2 + 1. Let v be p(-6). Determine i(v).
-4
Let t = -5 + 8. Let a(d) = d**2 - 2 - 1 + 2 + t*d. Calculate a(-3).
-1
Let c(o) be the first derivative of o**2/2 + 3*o - 1. Let z be c(-2). Let g(y) = -3 + y - 3 - z. What is g(5)?
-2
Suppose -k + 3*h + h - 20 = 0, 0 = -k + 2*h - 14. Let l be (-3)/(-6)*k/(-1). Let o(b) = -b**3 + 4*b**2 - 2*b - 2. Give o(l).
-10
Let v(f) = f + 3. Let t be v(-2). Let m(i) = -t + 1 - i - 1. Let n = -1 + -3. Determine m(n).
3
Suppose 0 = -0*o - 4*o + 8. Suppose -2*m - 3*k + 5 - o = 0, -5*m - 4*k = -11. Let s(q) = -6 + 4 + 2 - m*q. Give s(-1).
3
Let u(z) = -2*z + 5. Let l(s) = -s + 3. Let c(o) = 7*l(o) - 4*u(o). Calculate c(-5).
-4
Suppose 0 = -u - 1. Let t(j) = -16*j**2 - 6*j + 1. Let p(w) = w**2 + w. Let q(f) = -6*p(f) - t(f). Determine q(u).
9
Let z(g) = 4*g + 2 + 0 - 3*g. Let t be 16/6*(-3)/(-4). Suppose b - h = 2*h - 5, -t*b - h - 10 = 0. What is z(b)?
-3
Suppose 0 = -23*w + 20*w - 18. Let v(g) = -g**3 - 6*g**2 - 2*g - 7. Calculate v(w).
5
Let q(a) be the first derivative of a**3/3 - 2*a**2 + 4*a + 8. Let w be 3 + 1 + (-1)/1. Suppose 22 - 7 = w*b. What is q(b)?
9
Suppose -2 = -5*l + 18. Let x(o) = 7*o - 6*o + 0*o. What is x(l)?
4
Let k(t) = -t**3 - 11*t - 11. Let n(y) = y**3 + y**2 + 12*y + 12. Let c(x) = 7*k(x) + 6*n(x). What is c(5)?
-5
Let n = -10 - -30. Suppose -2*l = -t - 7, 3*l - 2*l - n = -5*t. Let m(o) = -o**t - 3*o - o**2 - 3 + 2*o**3 + 0*o**2 + 1. Determine m(-2).
-8
Let w(l) = -l**2 + 2*l. Let v = 140 + -144. What is w(v)?
-24
Suppose -j = 2*j + 15. Let m(p) be the third derivative of -2*p**2 - 5/24*p**4 + 0 - 1/60*p**5 - 7/6*p**3 + 0*p. Calculate m(j).
-7
Let c(y) be the second derivative of y**3/3 - 3*y**2/2 + 2*y. What is c(4)?
5
Let k be (5 - 2)*-1 + -2. Let p be (-198)/(-42) + (-2)/(-7). Let o(a) = 12 + 3*a - a - a - p. Determine o(k).
2
Let r(p) = p + 3*p + 4 - 6 - 2*p. Determine r(-2).
-6
Let o(d) be the third derivative of d**4/24 + d**3 - 3*d**2. Let n = -10 - -5. What is o(n)?
1
Let q(r) be the second derivative of -r**7/2520 - 7*r**6/720 + r**5/24 + r**4/3 + 5*r. Let p(a) be the third derivative of q(a). Determine p(-7).
5
Let j be -9*2*3/(-18). Let f(c) = 2*c**2 - 5*c**2 + 2*c**2 - 5*c + j + 0*c. Determine f(-6).
-3
Let n(j) = j**2 + 5*j + 5. Let w = 33 + -39. Give n(w).
11
Let r = 5 + -5. Suppose -4*h = -0*j + 3*j, 0 = -2*h - 6. Let u = r - j. Let n(y) = -y - 4. Calculate n(u).
0
Let w = 14 - 10. Let p(n) = w - n - 6 - 2. Calculate p(-6).
2
Let g be ((-2)/(-6))/((-2)/12). Let q(a) be the second derivative of a**5/20 + a**4/6 + 2*a**3/3 + 3*a**2/2 + 4*a. What is q(g)?
-5
Let y(v) = -v**3 + v**2 + 2*v - 1. Suppose 5*a - n - 2*n - 6 = 0, 0 = a + 4*n - 15. Let i = -1 - -2. Let f = a - i. Calculate y(f).
-1
Let x(v) = -v + 6. Let u(q) = q**3 + 12*q**2 + 10*q - 6. Suppose k = -7 - 4. Let m be u(k). Calculate x(m).
1
Let q(x) be the second derivative of -x**3 - x**2/2 + 10*x. Determine q(-1).
5
Let l(b) = b**2 - b + 1. Let f(o) = 4*o**2 - 12*o + 4. Let s(m) = -f(m) + 5*l(m). Determine s(-3).
-11
Let s be (-9)/6*(-5)/(15/(-4)). Let t(c) = 2*c**3 - c**2 + 3*c + 1. What is t(s)?
-25
Suppose -3*l + 3 = -5*m + 7, m + 8 = 5*l. Let t(x) = x**2 + 8 - 3 + m*x - 2. Determine t(-3).
6
Suppose q + 11 = f, 10 + 7 = -2*q + f. Let r(t) = -t**3 - 7*t**2 - 7*t - 2. What is r(q)?
4
Let f(u) = -u**3 + 16*u**2 - 3*u + 2. Let h(c) = 2*c**3 - 33*c**2 + 5*c - 4. Let x(l) = -13*f(l) - 6*h(l). Determine x(9).
-2
Let x(f) be the second derivative of -f**7/70 + f**5/60 - f**4/24 + 5*f**3/6 - f. Let u(p) be the second derivative of x(p). What is u(1)?
-11
Let c(t) = -t - 10. Suppose 0 = -2*h - 20 + 6. Determine c(h).
-3
Let v(j) = 3*j - 2*j + 14 + 2*j - 2*j. Let w be v(-9). Let a(g) = -g**2 + 5*g + 7. Calculate a(w).
7
Let z(v) = 3 - 2 - 18*v + 15*v. Suppose 3*x - 3*p - 2*p = 19, -x - p = -1. Determine z(x).
-8
Let n(q) = 5*q + 3. Let o(u) = 4*u + 2. Let t(z) = -3*n(z) + 4*o(z). Give t(0).
-1
Let k be (-396)/8*2/(-3). Let v be 2/((-27)/k - -1). Suppose -3*j + v = -b, b + 14 = -j + 5*j. Let q(h) = 4*h + 1. Calculate q(b).
-7
Let a(s) = s**2 + 4*s + 3. Let f = -4 - -7. Let g(v) = -v**2 - 4*v**3 + 5*v**f + 4*v**2 - 2 + 2*v. Let i be g(-2). What is a(i)?
-1
Let z(d) = d**3 + 10*d**2 - 2*d - 15. Let i be z(-10). Let f(a) = -7 + 5*a**2 + 0 + a**2 - 6*a - 5*a**2. What is f(i)?
-12
Let y = -4 - -3. Let j(s) = -6*s**2 + 1 + 7*s - 5*s + 0. Give j(y).
-7
Suppose -y - 13 = 2*c - 1, -3*c + 5*y - 44 = 0. Let s(m) = m + 2. Give s(c).
-6
Let o(n) be the first derivative of n**2 + 0*n**3 + n + 7/2*n**4 - 1. Give o(-1).
-15
Let b(n) = -n**2 + 5*n + 7. Suppose -5*s - z + 25 = -0, 15 = -3*z. Determine b(s).
1
Let v(k) = k - 1. Let g(n) = -5*n**3 - 15*n**2 + 8*n + 1. Let i(d) = d**3 + d. Let r(q) = g(q) + 6*i(q). Let h be r(14). Determine v(h).
0
Let o(b) = 5*b + 1. Suppose f = -f - 4. Determine o(f).
-9
Suppose -4*s + 31 = 3*f, 0 = -5*s - 2*f + 3*f + 53. Suppose 2*l = a - s, -2*a - a + 2 = l. Let u(n) = -n**2 - 2 - 3*n - 1 + 4. What is u(l)?
-3
Let x = 3 - 4. Let r be ((9/3)/(-3))/x. Suppose -z + 2 = r. Let v(g) = -3*g**3 + g - 1. Calculate v(z).
-3
Let m(s) = -1 + 0 - 3*s + 0 - s**2. Let l(r) = -r**2 + 7*r. Let i be l(3). Suppose -3*a + 0 = i. Give m(a).
-5
Let x be ((-3)/(-4))/((-1)/8). Let i(k) = k + 2. What is i(x)?
-4
Let v(b) = b**2 + 5*b + 4. Suppose -i = -s - 4, -2*i - 4 - 9 = s. What is v(s)?
18
Let c = 15 - 7. Let f be (c/(-10))/((-3)/15). Suppose 2*q - f = -0. Let h(v) = 2*v**3 - 4*v**2 + 2*v. Calculate h(q).
4
Let r(k) = -k**3 - 6*k**2 + 7*k + 1. Suppose -2*w = 15 - 1. Calculate r(w).
1
Let s(q) = 0*q**3 + 2*q + 0*q - 17*q**3 + 0*q - 1. Give s(1).
-16
Suppose -3*v + 4*j = 3, -4*j + 0 = -4*v - 8. Let p(t) = 2*t + 1. Let u be p(v). Let g = u + 5. Let q(m) = -m**3 - 5*m**2 - 5*m - 6. Calculate q(g).
-2
Let z(c) = -c**2 + c - 1. Let x(u) = 4*u**2 - 7*u + 3. Let n(p) = -x(p) - 5*z(p). What is n(